{"id":179,"date":"2024-07-15T22:39:02","date_gmt":"2024-07-15T22:39:02","guid":{"rendered":"https:\/\/ferien-opnollenhoff.de\/?page_id=179"},"modified":"2025-05-03T10:27:54","modified_gmt":"2025-05-03T10:27:54","slug":"die-wohnung","status":"publish","type":"page","link":"https:\/\/ferien-opnollenhoff.de\/?page_id=179","title":{"rendered":"Die Wohnung"},"content":{"rendered":"\n<div id=\"wp-block-themeisle-blocks-icon-list-23e67c64\" class=\"wp-block-themeisle-blocks-icon-list is-style-horizontal\">\n<div id=\"wp-block-themeisle-blocks-icon-list-item-bfb616a9\" class=\"wp-block-themeisle-blocks-icon-list-item\"><i class=\"fas fa-check wp-block-themeisle-blocks-icon-list-item-icon\"><\/i><p class=\"wp-block-themeisle-blocks-icon-list-item-content\">WLAN<\/p><\/div>\n\n\n\n<div id=\"wp-block-themeisle-blocks-icon-list-item-0642f7a6\" class=\"wp-block-themeisle-blocks-icon-list-item\"><i class=\"fas fa-check wp-block-themeisle-blocks-icon-list-item-icon\"><\/i><p class=\"wp-block-themeisle-blocks-icon-list-item-content\">M\u00f6bliert<\/p><\/div>\n\n\n\n<div id=\"wp-block-themeisle-blocks-icon-list-item-f01e81cc\" class=\"wp-block-themeisle-blocks-icon-list-item\"><i class=\"fas fa-check wp-block-themeisle-blocks-icon-list-item-icon\"><\/i><p class=\"wp-block-themeisle-blocks-icon-list-item-content\">K\u00fchlschrank<\/p><\/div>\n\n\n\n<div id=\"wp-block-themeisle-blocks-icon-list-item-24f00327\" class=\"wp-block-themeisle-blocks-icon-list-item\"><i class=\"fas fa-check wp-block-themeisle-blocks-icon-list-item-icon\"><\/i><p class=\"wp-block-themeisle-blocks-icon-list-item-content\">Backofen<\/p><\/div>\n\n\n\n<div id=\"wp-block-themeisle-blocks-icon-list-item-d8f63004\" class=\"wp-block-themeisle-blocks-icon-list-item\"><i class=\"fas fa-check wp-block-themeisle-blocks-icon-list-item-icon\"><\/i><p class=\"wp-block-themeisle-blocks-icon-list-item-content\">Herd<\/p><\/div>\n\n\n\n<div id=\"wp-block-themeisle-blocks-icon-list-item-52e7a1d4\" class=\"wp-block-themeisle-blocks-icon-list-item\"><i class=\"fas fa-check wp-block-themeisle-blocks-icon-list-item-icon\"><\/i><p class=\"wp-block-themeisle-blocks-icon-list-item-content\">Sp\u00fclmaschine<\/p><\/div>\n\n\n\n<div id=\"wp-block-themeisle-blocks-icon-list-item-723d9fb4\" class=\"wp-block-themeisle-blocks-icon-list-item\"><i class=\"fas fa-check wp-block-themeisle-blocks-icon-list-item-icon\"><\/i><p class=\"wp-block-themeisle-blocks-icon-list-item-content\">TV<\/p><\/div>\n\n\n\n<div id=\"wp-block-themeisle-blocks-icon-list-item-0558c02e\" class=\"wp-block-themeisle-blocks-icon-list-item\"><i class=\"fas fa-check wp-block-themeisle-blocks-icon-list-item-icon\"><\/i><p class=\"wp-block-themeisle-blocks-icon-list-item-content\">Garage\/Stellplatz<\/p><\/div>\n\n\n\n<div id=\"wp-block-themeisle-blocks-icon-list-item-e671a376\" class=\"wp-block-themeisle-blocks-icon-list-item\"><i class=\"fas fa-check wp-block-themeisle-blocks-icon-list-item-icon\"><\/i><p class=\"wp-block-themeisle-blocks-icon-list-item-content\">Haustiere erlaubt<\/p><\/div>\n\n\n\n<div id=\"wp-block-themeisle-blocks-icon-list-item-1eb1d711\" class=\"wp-block-themeisle-blocks-icon-list-item\"><i class=\"fas fa-check wp-block-themeisle-blocks-icon-list-item-icon\"><\/i><p class=\"wp-block-themeisle-blocks-icon-list-item-content\">Stufenloser Zugang<\/p><\/div>\n\n\n\n<div id=\"wp-block-themeisle-blocks-icon-list-item-8c430728\" class=\"wp-block-themeisle-blocks-icon-list-item\"><i class=\"fas fa-check wp-block-themeisle-blocks-icon-list-item-icon\"><\/i><p class=\"wp-block-themeisle-blocks-icon-list-item-content\">Kamin<\/p><\/div>\n<\/div>\n\n\n\n<figure class=\"wp-block-image size-large is-resized\"><img fetchpriority=\"high\" decoding=\"async\" width=\"1024\" height=\"768\" src=\"https:\/\/ferien-opnollenhoff.de\/wp-content\/uploads\/2024\/07\/hoff2-1024x768.jpg\" alt=\"\" class=\"wp-image-86\" style=\"width:621px;height:auto\" srcset=\"https:\/\/ferien-opnollenhoff.de\/wp-content\/uploads\/2024\/07\/hoff2-1024x768.jpg 1024w, https:\/\/ferien-opnollenhoff.de\/wp-content\/uploads\/2024\/07\/hoff2-300x225.jpg 300w, https:\/\/ferien-opnollenhoff.de\/wp-content\/uploads\/2024\/07\/hoff2-768x576.jpg 768w, https:\/\/ferien-opnollenhoff.de\/wp-content\/uploads\/2024\/07\/hoff2-1536x1152.jpg 1536w, https:\/\/ferien-opnollenhoff.de\/wp-content\/uploads\/2024\/07\/hoff2.jpg 1600w\" sizes=\"(max-width: 1024px) 100vw, 1024px\" \/><\/figure>\n\n\n\n<p>Auf einem ehemaligen Bauernhof mit teilweise Charme eines Altbaus, liegt die komplett renovierte ca.100 qm gro\u00dfe Wohnung mit einer eigenen Einfahrt und eigenem Eingang. <\/p>\n\n\n\n<p>F\u00fcr das Auto steht ein Carport und f\u00fcr Fahrr\u00e4der eine ger\u00e4umige abschlie\u00dfbare H\u00fctte mit Stromanschluss zur Verf\u00fcgung.<\/p>\n\n\n\n<p><br>Im Erdgeschoss befindet sich eine komplett eingerichtete K\u00fcche mit Herd und Backofen, K\u00fchl \u2013 Gefrierkombination, Kaffeemaschine, Toaster, Wasserkocher, Sp\u00fclmaschine und kleiner Essecke,<\/p>\n\n\n\n<p><\/p>\n\n\n\n<figure class=\"wp-block-image size-large\"><img decoding=\"async\" width=\"1024\" height=\"684\" src=\"https:\/\/ferien-opnollenhoff.de\/wp-content\/uploads\/2024\/07\/HJH_6360-1024x684.jpg\" alt=\"\" class=\"wp-image-126\" srcset=\"https:\/\/ferien-opnollenhoff.de\/wp-content\/uploads\/2024\/07\/HJH_6360-1024x684.jpg 1024w, https:\/\/ferien-opnollenhoff.de\/wp-content\/uploads\/2024\/07\/HJH_6360-300x200.jpg 300w, https:\/\/ferien-opnollenhoff.de\/wp-content\/uploads\/2024\/07\/HJH_6360-768x513.jpg 768w\" sizes=\"(max-width: 1024px) 100vw, 1024px\" \/><\/figure>\n\n\n\n<p>so wie ein gro\u00dfes und gem\u00fctliches Wohn \u2013 Esszimmer mit Fernseher,<\/p>\n\n\n\n<figure class=\"wp-block-image size-large\"><img decoding=\"async\" width=\"1024\" height=\"684\" src=\"https:\/\/ferien-opnollenhoff.de\/wp-content\/uploads\/2024\/07\/wohnzimmer-1024x684.jpg\" alt=\"\" class=\"wp-image-77\" srcset=\"https:\/\/ferien-opnollenhoff.de\/wp-content\/uploads\/2024\/07\/wohnzimmer-1024x684.jpg 1024w, https:\/\/ferien-opnollenhoff.de\/wp-content\/uploads\/2024\/07\/wohnzimmer-300x200.jpg 300w, https:\/\/ferien-opnollenhoff.de\/wp-content\/uploads\/2024\/07\/wohnzimmer-768x513.jpg 768w, https:\/\/ferien-opnollenhoff.de\/wp-content\/uploads\/2024\/07\/wohnzimmer-1536x1025.jpg 1536w, https:\/\/ferien-opnollenhoff.de\/wp-content\/uploads\/2024\/07\/wohnzimmer.jpg 1600w\" sizes=\"(max-width: 1024px) 100vw, 1024px\" \/><\/figure>\n\n\n\n<p>ein Badezimmer mit gro\u00dfer begehbarer Dusche und WC, <\/p>\n\n\n\n<figure class=\"wp-block-image size-large\"><img loading=\"lazy\" decoding=\"async\" width=\"1024\" height=\"684\" src=\"https:\/\/ferien-opnollenhoff.de\/wp-content\/uploads\/2024\/07\/bad-1024x684.jpg\" alt=\"\" class=\"wp-image-68\" srcset=\"https:\/\/ferien-opnollenhoff.de\/wp-content\/uploads\/2024\/07\/bad-1024x684.jpg 1024w, https:\/\/ferien-opnollenhoff.de\/wp-content\/uploads\/2024\/07\/bad-300x200.jpg 300w, https:\/\/ferien-opnollenhoff.de\/wp-content\/uploads\/2024\/07\/bad-768x513.jpg 768w, https:\/\/ferien-opnollenhoff.de\/wp-content\/uploads\/2024\/07\/bad-1536x1025.jpg 1536w, https:\/\/ferien-opnollenhoff.de\/wp-content\/uploads\/2024\/07\/bad.jpg 1600w\" sizes=\"(max-width: 1024px) 100vw, 1024px\" \/><\/figure>\n\n\n\n<p>desweiteren 4 Schlafzimmer zweimal mit Doppelbett und zweimal mit einem Bett in der Gr\u00f6\u00dfe 1,40m x 2,00m.<\/p>\n\n\n\n<figure class=\"wp-block-image size-large\"><img loading=\"lazy\" decoding=\"async\" width=\"1024\" height=\"684\" src=\"https:\/\/ferien-opnollenhoff.de\/wp-content\/uploads\/2024\/07\/HJH_6281-1024x684.jpg\" alt=\"\" class=\"wp-image-129\" srcset=\"https:\/\/ferien-opnollenhoff.de\/wp-content\/uploads\/2024\/07\/HJH_6281-1024x684.jpg 1024w, https:\/\/ferien-opnollenhoff.de\/wp-content\/uploads\/2024\/07\/HJH_6281-300x200.jpg 300w, https:\/\/ferien-opnollenhoff.de\/wp-content\/uploads\/2024\/07\/HJH_6281-768x513.jpg 768w\" sizes=\"(max-width: 1024px) 100vw, 1024px\" \/><\/figure>\n\n\n\n<figure class=\"wp-block-image size-large\"><img loading=\"lazy\" decoding=\"async\" width=\"1024\" height=\"684\" src=\"https:\/\/ferien-opnollenhoff.de\/wp-content\/uploads\/2024\/07\/schlaf2-1024x684.jpg\" alt=\"\" class=\"wp-image-73\" srcset=\"https:\/\/ferien-opnollenhoff.de\/wp-content\/uploads\/2024\/07\/schlaf2-1024x684.jpg 1024w, https:\/\/ferien-opnollenhoff.de\/wp-content\/uploads\/2024\/07\/schlaf2-300x200.jpg 300w, https:\/\/ferien-opnollenhoff.de\/wp-content\/uploads\/2024\/07\/schlaf2-768x513.jpg 768w, https:\/\/ferien-opnollenhoff.de\/wp-content\/uploads\/2024\/07\/schlaf2-1536x1025.jpg 1536w, https:\/\/ferien-opnollenhoff.de\/wp-content\/uploads\/2024\/07\/schlaf2.jpg 1600w\" sizes=\"(max-width: 1024px) 100vw, 1024px\" \/><\/figure>\n\n\n\n<p>Im Obergeschoss gibt es noch eine G\u00e4stetoilette.<\/p>\n\n\n\n<p><br>Auch Fellnasen d\u00fcrfen sich hier wohlf\u00fchlen.<\/p>\n\n\n\n<p><br>Hier gibt es alles um einen sch\u00f6nen Urlaub ohne Langeweile zu verbringen. <\/p>\n\n\n\n<p><br>Einkaufsm\u00f6glichkeiten sind nur knapp 5 Minuten entfernt. <\/p>\n\n\n\n<p>Die kleine aber feine Innenstadt von Haltern l\u00e4dt zum bummeln, in ein nettes Cafe\u00b4 oder Restaurant am Marktplatz ein.<\/p>\n","protected":false},"excerpt":{"rendered":"<p>Auf einem ehemaligen Bauernhof mit teilweise Charme eines Altbaus, liegt die komplett renovierte ca.100 qm gro\u00dfe Wohnung mit einer eigenen Einfahrt und eigenem Eingang. F\u00fcr das Auto steht ein Carport und f\u00fcr Fahrr\u00e4der eine ger\u00e4umige abschlie\u00dfbare H\u00fctte mit Stromanschluss zur Verf\u00fcgung. Im Erdgeschoss befindet sich eine komplett eingerichtete K\u00fcche mit Herd und Backofen, K\u00fchl \u2013 [&hellip;]<\/p>\n","protected":false},"author":1,"featured_media":0,"parent":0,"menu_order":0,"comment_status":"closed","ping_status":"closed","template":"","meta":{"_themeisle_gutenberg_block_has_review":false,"footnotes":""},"class_list":["post-179","page","type-page","status-publish","hentry"],"_links":{"self":[{"href":"https:\/\/ferien-opnollenhoff.de\/index.php?rest_route=\/wp\/v2\/pages\/179","targetHints":{"allow":["GET"]}}],"collection":[{"href":"https:\/\/ferien-opnollenhoff.de\/index.php?rest_route=\/wp\/v2\/pages"}],"about":[{"href":"https:\/\/ferien-opnollenhoff.de\/index.php?rest_route=\/wp\/v2\/types\/page"}],"author":[{"embeddable":true,"href":"https:\/\/ferien-opnollenhoff.de\/index.php?rest_route=\/wp\/v2\/users\/1"}],"replies":[{"embeddable":true,"href":"https:\/\/ferien-opnollenhoff.de\/index.php?rest_route=%2Fwp%2Fv2%2Fcomments&post=179"}],"version-history":[{"count":9,"href":"https:\/\/ferien-opnollenhoff.de\/index.php?rest_route=\/wp\/v2\/pages\/179\/revisions"}],"predecessor-version":[{"id":330,"href":"https:\/\/ferien-opnollenhoff.de\/index.php?rest_route=\/wp\/v2\/pages\/179\/revisions\/330"}],"wp:attachment":[{"href":"https:\/\/ferien-opnollenhoff.de\/index.php?rest_route=%2Fwp%2Fv2%2Fmedia&parent=179"}],"curies":[{"name":"wp","href":"https:\/\/api.w.org\/{rel}","templated":true}]}}